of n?
3
Let m = -404 + 578. Suppose -b - 4*i - 2 + 16 = 0, 2*b + 2 = 2*i. Suppose 2*l = -b*q + 5*q + 80, -q = -5*l + m. What is the tens digit of l?
3
Let q(f) = f**3 + 3*f**2 - 2*f + 3. Let k = -46 - -33. Let v = -11 - k. What is the units digit of q(v)?
9
Let c(f) be the first derivative of -f**4/4 + 10*f**3/3 + 12*f**2 - 4. Let x be c(12). Suppose x = -u + 2*u - 7. What is the units digit of u?
7
Suppose -117 = -3*g + 5*k, -4*k - 156 = -4*g - 3*k. Let l = g + 146. What is the hundreds digit of l?
1
Suppose -h - 8*h + 27 = 0. Suppose 4*z - h*o = 8, 0*z = 5*z - 4*o - 10. Suppose 3*n - z = 10. What is the units digit of n?
4
What is the hundreds digit of (-66)/(-8)*(-884)/(-39)?
1
What is the hundreds digit of (194 + 0 + -3)/(7/28)?
7
What is the hundreds digit of (5 + -265)*(-18)/5?
9
Suppose -5*x + 3*o = 7, 2 = -3*o + 14. Let h be (x + -5)/(-4)*14. Let f = 27 - h. What is the units digit of f?
3
Suppose -4*d + 4*b = -3*d - 2465, -4951 = -2*d + b. What is the thousands digit of d?
2
Let c(d) be the second derivative of -d**6/240 + 7*d**5/120 - 5*d**4/6 - 3*d. Let p(z) be the third derivative of c(z). What is the units digit of p(-10)?
7
Let u(q) = -12*q - 5. Let h be u(-2). Let s = h + -15. What is the units digit of s?
4
Let i = -7 + 10. Suppose -r = 4*r + 4*a - 211, i*a = -3. What is the tens digit of r?
4
Let s(z) be the first derivative of z**4/4 + 5*z**3/3 + z**2 - 5*z + 2. Let b be s(-3). What is the units digit of b/21 + (-32)/(-3)?
1
Suppose -4*j + 2*o + 1066 = 0, 0 = 5*o - 12 + 37. What is the hundreds digit of j?
2
Suppose -3*h = -16 + 1. Suppose 0 = -p - 13*s + 11*s + 325, -3*s - 975 = -3*p. Suppose 6*z = 5*g + 2*z - p, 4*g = -h*z + 219. What is the tens digit of g?
6
Suppose -9*r + 12*r - 2*j = 16712, 16718 = 3*r + j. What is the thousands digit of r?
5
Let b = 326 + -197. What is the units digit of b?
9
Let m(i) = i**2 + i. Let z(n) = -28*n**2 - 8*n + 1. Let o(x) = -5*m(x) - z(x). Let k be o(1). Let l = -24 + k. What is the units digit of l?
1
Let g(p) = 0*p**2 - p**2 + 16*p + 20 - 11*p - 6. Let l be g(6). What is the tens digit of 10*(44/l + -2)?
3
Let j(x) be the first derivative of -45*x**4/4 - x**2 - x - 3. Let q be j(-1). Suppose -3*n + n = -q. What is the units digit of n?
3
Let n(o) = o**3 - 5*o**2 - 6*o - 1. Let t be n(6). What is the units digit of (t*38)/(2 - 3)?
8
Suppose -b + 13*b = 5208. What is the tens digit of b?
3
Let m be -1 + 20918/6 + (-6)/(-9). Suppose -m = 2*o - 16*o. What is the hundreds digit of o?
2
Suppose 37 = 2*a + 3. Suppose -f - u + a - 4 = 0, -4*f + 44 = 2*u. Suppose -75 = 6*q - f*q. What is the tens digit of q?
2
Let b = 10 - 8. Suppose -5*v - 2*d - 3*d = 15, -4*v = 2*d + b. Suppose -52 = -v*j - 2*j. What is the tens digit of j?
1
Let y(z) = 21*z**2 - 11*z - 12. What is the units digit of y(-2)?
4
Let i(j) = -j**3 - 4*j**2 + 5*j + 3. Let f be i(-5). Let h be ((-10)/f)/(4/(-6)). What is the tens digit of 16 + ((-15)/h - -4)?
1
Suppose 8*y - 2576 = -0*y. What is the tens digit of y?
2
Let p = -344 - -515. Suppose 45 = 3*l - p. What is the tens digit of l?
7
Let n(m) = -24*m - 64. Let c(s) = -5*s - 45. Let v be c(-6). What is the hundreds digit of n(v)?
2
Let i = -366 - -151. Let l = 404 + i. What is the tens digit of l?
8
Suppose -o - 1 = -9. Suppose 0 = -2*l + o. Suppose -30 - 50 = -l*n. What is the units digit of n?
0
Suppose 6 + 2 = 2*f. What is the units digit of 50 - 4/(f/1)?
9
Let o = 224 + 300. What is the hundreds digit of o?
5
Suppose -8705 = -9*w + 2437. What is the tens digit of w?
3
Suppose -4*m = -m - 3. Let x be (0 + m)/(4/12). Suppose u - 5*i = x*u - 38, -128 = -5*u + 4*i. What is the units digit of u?
4
Let n(f) = -81*f + 6. Let t be n(-2). Let p = -70 + t. What is the tens digit of p?
9
Let p(m) = -m**2 + 11*m + 4. Suppose -12 = -k - 2. Let x be p(k). Suppose -2*t - 6 + 38 = 3*n, -t - n = -x. What is the units digit of t?
0
Suppose 5*g - 1 - 4 = 0. Let w(t) = -1 + 2 + 2*t + 2*t**2 + 36*t**2 - 6 + 4. What is the units digit of w(g)?
9
Let h(t) = -13*t - 3. Let x be h(-11). Suppose 6*v - x = v. What is the units digit of v?
8
Let n(p) = 151*p**2 + 80*p - 9. What is the hundreds digit of n(5)?
1
Let h = 23 + -18. Suppose 0 = 4*t - 0*t - 8. Let p = h - t. What is the units digit of p?
3
Suppose 13*w - 18*w - 5*m + 14920 = 0, 2*m = 5*w - 14913. What is the hundreds digit of w?
9
Suppose -1387 = -13*g + 1759. What is the tens digit of g?
4
Let u(a) = -193*a + 16. What is the units digit of u(-8)?
0
Suppose 23*v - 112 = 15*v. Let d(y) = y**3 - 13*y**2 - 9*y - 19. What is the units digit of d(v)?
1
Let t = -2645 - -5556. What is the units digit of t?
1
What is the units digit of (16269/(-68))/(2/(-8))?
7
Let k be ((-5)/15)/(2/(-12)). Let u(o) = 0*o**2 - 3*o**k + o**3 - 3*o**2 + 1 - 7*o + o. What is the units digit of u(7)?
8
Let z(v) = -v + 2. Let u(f) = f + 1. Let t(g) = -6*u(g) - 2*z(g). Let n be t(-4). Let w = n - 2. What is the units digit of w?
4
Let l(w) = -w**3 - 2*w**2 - w + 5. What is the hundreds digit of l(-6)?
1
Let a(l) = -753*l - 41. What is the units digit of a(-1)?
2
Let l = -908 - -1244. What is the hundreds digit of l?
3
Let u(t) = -29*t**3 + 5*t + 7. Let m(q) = 2*q - 6. Let d be m(2). What is the tens digit of u(d)?
2
Let m = -4 + -7. Let z(j) = 7*j**3 - 3*j**2 + 13*j - 17. Let r(w) = 13*w**3 - 7*w**2 + 26*w - 33. Let g(u) = m*z(u) + 6*r(u). What is the tens digit of g(8)?
2
What is the tens digit of 12/90 + (-3)/(180/(-113932))?
9
Let o = 11 - 9. Suppose x + o*v = 29 - 10, 4*x - 2*v = 106. What is the units digit of x?
5
Let n(l) = -12 + 5 - 3*l + 3*l - 3*l. Let d be n(-5). Let v(u) = -u**2 + 10*u + 8. What is the units digit of v(d)?
4
Suppose 0 = -3*h + 15, -3*p + 5*h = 1147 - 4629. What is the hundreds digit of p?
1
Let j be 8408/60 + (-6)/135*3. Suppose 2*r = w - 50, 3*w - r = 3*r + j. What is the tens digit of w?
4
Let n = 12 + -4. Let y be 8 - (-4)/n*2. Let q = 11 - y. What is the units digit of q?
2
Suppose q - 12 + 1 = 0. Let k(a) = q + 0 + 2*a + a - 2*a. What is the units digit of k(0)?
1
Let i(u) = -20 - 5 - 1 + 23*u - u**3 + 18*u**2 - 9. What is the units digit of i(19)?
1
Suppose -345 = -5*h - 0*a - 5*a, -h - 2*a + 74 = 0. Suppose -8*v = -5*v. Suppose v = s - h + 19. What is the tens digit of s?
4
Suppose -1850 = -b + 4282. What is the units digit of b?
2
Let p(v) = 5*v**2 + 8*v + 19. Let h(f) = -6*f**3 - 2*f**2 + 2*f. Let c be h(1). What is the tens digit of p(c)?
5
Suppose -k + 2*z + 1012 = 0, 3042 = 3*k - z - 2*z. What is the units digit of k?
6
Let d(t) = -t**2 + 14*t - 3. Let q be d(6). Suppose 0 = u - 3*k - q - 59, -3*u = -5*k - 296. What is the units digit of u?
2
Let p(u) = u**3 - 15*u**2 + 36*u - 4. What is the thousands digit of p(17)?
1
Let m(g) = 3*g**2 - 3*g + 18. Let u(x) = -5*x - 9 + x + 5*x - 2*x**2 + 0*x. Let j(l) = -3*m(l) - 5*u(l). What is the tens digit of j(-7)?
1
What is the hundreds digit of (32416/64)/(1/(-4)*-2)?
0
Let r(v) = -183*v + 387. What is the thousands digit of r(-5)?
1
Let j = 2016 - 1437. What is the tens digit of j?
7
Suppose 2*p = -4*n + 3056, 5*n + 2001 - 5808 = 4*p. What is the units digit of n?
3
Let s(l) = -9*l**3 - 2*l. Let u be s(-2). Let n = u - -61. What is the units digit of n?
7
What is the hundreds digit of ((-10)/(-3))/(-3 + (-3192)/(-1062))?
5
Suppose -3*w + 10 = -8. What is the units digit of 2/3 - (-2)/w?
1
Suppose 0 = 2*h - 4*h + 10. Suppose -o = -r + 4*r + 4, -2*r + h*o = -3. What is the units digit of (-2 - r)*(-75 + 2)?
3
What is the units digit of (1832/(-1))/(64/(-32))?
6
Let c(x) be the first derivative of -x**4/4 - 2*x**3/3 + 3*x**2 + 6*x - 7. Let a be c(-4). Suppose 198 = 17*f - a*f. What is the tens digit of f?
6
Let w = 39 - -22. Let d = w + -10. What is the tens digit of d?
5
Let p be (-5)/20 - 63/(-12). Let y be 4/(-5 + 1) + p. Suppose -50 = -4*b - 2*v, -5*b - y*v = -0*v - 55. What is the units digit of b?
5
Suppose b + 384 = 4*b. Let n(z) = -z**3 - 12*z**2 - 19*z + 12. Let o be n(-10). Suppose 3*y - m - b = y, 4*y - 248 = -o*m. What is the tens digit of y?
6
Let m be (-86)/(-2) + (-5)/(-5). Suppose 42*y = m*y. Suppose y*p - p + 346 = 5*a, -156 = -2*a + 4*p. What is the tens digit of a?
7
What is the hundreds digit of (3 + (3 - 3) - 0) + 349?
3
Suppose a - g - 102 = 0, 0*g + 2*g = -8. Let y